{"id":171,"date":"2024-02-22T11:26:38","date_gmt":"2024-02-22T11:26:38","guid":{"rendered":"https:\/\/acasca.pt\/?page_id=171"},"modified":"2025-01-03T17:19:03","modified_gmt":"2025-01-03T17:19:03","slug":"formacao-2","status":"publish","type":"page","link":"https:\/\/acasca.pt\/?page_id=171","title":{"rendered":"FORMA\u00c7\u00c3O"},"content":{"rendered":"\n<p>A <strong><em>ACASCA Academia<\/em><\/strong> \u00e9 um projeto que tem como objetivo refor\u00e7ar e desenvolver as compet\u00eancias dos empres\u00e1rios de micro, pequenas e m\u00e9dias empresas, atrav\u00e9s da realiza\u00e7\u00e3o de a\u00e7\u00f5es de forma\u00e7\u00e3o de curta dura\u00e7\u00e3o nas \u00e1reas da gest\u00e3o, marketing, fiscalidade, estrat\u00e9gia e por fim contabilidade.<\/p>\n\n\n\n<p>A organiza\u00e7\u00e3o da forma\u00e7\u00e3o realiza-se em sess\u00f5es de 30 a 40 minutos via internet atrav\u00e9s de webinar.<\/p>\n\n\n\n<p>A forma\u00e7\u00e3o ministrada visa dotar o gestor da PME de um aumento na capacidade de gest\u00e3o e o aumento da competitividade, moderniza\u00e7\u00e3o e capacidade de inova\u00e7\u00e3o das respetivas empresas.<\/p>\n\n\n\n<p>Inscreva-se na <a href=\"https:\/\/acasca.my.canva.site\/acasca-academia\">ACASCA Academia<\/a> para ter acesso \u00e0s forma\u00e7\u00f5es.<\/p>\n\n\n\n<figure class=\"wp-block-gallery has-nested-images columns-default is-cropped wp-block-gallery-1 is-layout-flex wp-block-gallery-is-layout-flex\"><div class=\"wp-block-image\">\n<figure class=\"aligncenter size-large\"><img fetchpriority=\"high\" decoding=\"async\" width=\"249\" height=\"202\" data-id=\"12\" src=\"https:\/\/ml67rc0uu4sk.i.optimole.com\/w:auto\/h:auto\/q:mauto\/ig:avif\/https:\/\/acasca.pt\/wp-content\/uploads\/2024\/02\/boneco-academia.jpg\" alt=\"\" class=\"wp-image-12\"\/><\/figure>\n<\/div><\/figure>\n","protected":false},"excerpt":{"rendered":"<p>A ACASCA Academia \u00e9 um projeto que tem como objetivo refor\u00e7ar e desenvolver as compet\u00eancias dos empres\u00e1rios de micro, pequenas e m\u00e9dias empresas, atrav\u00e9s da realiza\u00e7\u00e3o de a\u00e7\u00f5es de forma\u00e7\u00e3o de curta dura\u00e7\u00e3o nas \u00e1reas da gest\u00e3o, marketing, fiscalidade, estrat\u00e9gia e por fim contabilidade. A organiza\u00e7\u00e3o da forma\u00e7\u00e3o realiza-se em sess\u00f5es de 30 a 40 [&hellip;]<\/p>\n","protected":false},"author":1,"featured_media":0,"parent":0,"menu_order":0,"comment_status":"closed","ping_status":"closed","template":"fullwidth.php","meta":{"footnotes":""},"class_list":["post-171","page","type-page","status-publish","hentry"],"_links":{"self":[{"href":"https:\/\/acasca.pt\/index.php?rest_route=\/wp\/v2\/pages\/171","targetHints":{"allow":["GET"]}}],"collection":[{"href":"https:\/\/acasca.pt\/index.php?rest_route=\/wp\/v2\/pages"}],"about":[{"href":"https:\/\/acasca.pt\/index.php?rest_route=\/wp\/v2\/types\/page"}],"author":[{"embeddable":true,"href":"https:\/\/acasca.pt\/index.php?rest_route=\/wp\/v2\/users\/1"}],"replies":[{"embeddable":true,"href":"https:\/\/acasca.pt\/index.php?rest_route=%2Fwp%2Fv2%2Fcomments&post=171"}],"version-history":[{"count":2,"href":"https:\/\/acasca.pt\/index.php?rest_route=\/wp\/v2\/pages\/171\/revisions"}],"predecessor-version":[{"id":299,"href":"https:\/\/acasca.pt\/index.php?rest_route=\/wp\/v2\/pages\/171\/revisions\/299"}],"wp:attachment":[{"href":"https:\/\/acasca.pt\/index.php?rest_route=%2Fwp%2Fv2%2Fmedia&parent=171"}],"curies":[{"name":"wp","href":"https:\/\/api.w.org\/{rel}","templated":true}]}}

FORMAÇÃO

<p>A <strong><em>ACASCA Academia</em></strong> é um projeto que tem como objetivo reforçar e desenvolver as competências dos empresários de micro, pequenas e médias empresas, através da realização de ações de formação de curta duração nas áreas da gestão, marketing, fiscalidade, estratégia e por fim contabilidade.</p>



<p>A organização da formação realiza-se em sessões de 30 a 40 minutos via internet através de webinar.</p>



<p>A formação ministrada visa dotar o gestor da PME de um aumento na capacidade de gestão e o aumento da competitividade, modernização e capacidade de inovação das respetivas empresas.</p>



<p>Inscreva-se na <a href="https://acasca.my.canva.site/acasca-academia">ACASCA Academia</a> para ter acesso às formações.</p>



<figure class="wp-block-gallery has-nested-images columns-default is-cropped wp-block-gallery-1 is-layout-flex wp-block-gallery-is-layout-flex"><div class="wp-block-image">
<figure class="aligncenter size-large"><img fetchpriority="high" decoding="async" width="249" height="202" data-id="12" src="https://ml67rc0uu4sk.i.optimole.com/w:auto/h:auto/q:mauto/ig:avif/https://acasca.pt/wp-content/uploads/2024/02/boneco-academia.jpg" alt="" class="wp-image-12"/></figure>
</div></figure>

<p>A ACASCA Academia é um projeto que tem como objetivo reforçar e desenvolver as competências dos empresários de micro, pequenas e médias empresas, através da realização de ações de formação de curta duração nas áreas da gestão, marketing, fiscalidade, estratégia e por fim contabilidade. A organização da formação realiza-se em sessões de 30 a 40 [&hellip;]</p>
